{"id":14,"date":"2021-11-21T15:14:19","date_gmt":"2021-11-21T14:14:19","guid":{"rendered":"https:\/\/churtafc.com.co\/index.php\/about\/"},"modified":"2023-08-11T18:27:54","modified_gmt":"2023-08-11T16:27:54","slug":"nosotros","status":"publish","type":"page","link":"https:\/\/churtafc.com.co\/index.php\/nosotros\/","title":{"rendered":"Nosotros"},"content":{"rendered":"\t\t<div data-elementor-type=\"wp-page\" data-elementor-id=\"14\" class=\"elementor elementor-14\">\n\t\t\t\t\t\t<section class=\"elementor-section elementor-top-section elementor-element elementor-element-3447f83 elementor-section-height-min-height elementor-section-boxed elementor-section-height-default elementor-section-items-middle\" data-id=\"3447f83\" data-element_type=\"section\" data-e-type=\"section\" data-settings=\"{&quot;background_background&quot;:&quot;classic&quot;}\">\n\t\t\t\t\t\t\t<div class=\"elementor-background-overlay\"><\/div>\n\t\t\t\t\t\t\t<div class=\"elementor-container elementor-column-gap-default\">\n\t\t\t\t\t<div class=\"elementor-column elementor-col-100 elementor-top-column elementor-element elementor-element-b3a35f8\" data-id=\"b3a35f8\" data-element_type=\"column\" data-e-type=\"column\">\n\t\t\t<div class=\"elementor-widget-wrap elementor-element-populated\">\n\t\t\t\t\t\t<div class=\"elementor-element elementor-element-32eb271 animated-slow elementor-invisible elementor-widget elementor-widget-heading\" data-id=\"32eb271\" data-element_type=\"widget\" data-e-type=\"widget\" data-settings=\"{&quot;_animation&quot;:&quot;fadeInLeft&quot;}\" data-widget_type=\"heading.default\">\n\t\t\t\t<div class=\"elementor-widget-container\">\n\t\t\t\t\t<h1 class=\"elementor-heading-title elementor-size-default\">Nosotros<\/h1>\t\t\t\t<\/div>\n\t\t\t\t<\/div>\n\t\t\t\t\t<\/div>\n\t\t<\/div>\n\t\t\t\t\t<\/div>\n\t\t<\/section>\n\t\t\t\t<section class=\"elementor-section elementor-top-section elementor-element elementor-element-460970c elementor-section-boxed elementor-section-height-default elementor-section-height-default\" data-id=\"460970c\" data-element_type=\"section\" data-e-type=\"section\">\n\t\t\t\t\t\t<div class=\"elementor-container elementor-column-gap-wide\">\n\t\t\t\t\t<div class=\"elementor-column elementor-col-50 elementor-top-column elementor-element elementor-element-21f68a6\" data-id=\"21f68a6\" data-element_type=\"column\" data-e-type=\"column\">\n\t\t\t<div class=\"elementor-widget-wrap elementor-element-populated\">\n\t\t\t\t\t\t<div class=\"elementor-element elementor-element-39a57ff elementor-widget elementor-widget-image\" data-id=\"39a57ff\" data-element_type=\"widget\" data-e-type=\"widget\" data-widget_type=\"image.default\">\n\t\t\t\t<div class=\"elementor-widget-container\">\n\t\t\t\t\t\t\t\t\t\t\t\t\t\t\t<img fetchpriority=\"high\" decoding=\"async\" width=\"1024\" height=\"683\" src=\"https:\/\/churtafc.com.co\/wp-content\/uploads\/2023\/08\/IMG_1802-1024x683.jpg\" class=\"attachment-large size-large wp-image-1913\" alt=\"\" srcset=\"https:\/\/churtafc.com.co\/wp-content\/uploads\/2023\/08\/IMG_1802-1024x683.jpg 1024w, https:\/\/churtafc.com.co\/wp-content\/uploads\/2023\/08\/IMG_1802-300x200.jpg 300w, https:\/\/churtafc.com.co\/wp-content\/uploads\/2023\/08\/IMG_1802-768x512.jpg 768w, https:\/\/churtafc.com.co\/wp-content\/uploads\/2023\/08\/IMG_1802-1536x1024.jpg 1536w, https:\/\/churtafc.com.co\/wp-content\/uploads\/2023\/08\/IMG_1802-2048x1365.jpg 2048w\" sizes=\"(max-width: 1024px) 100vw, 1024px\" \/>\t\t\t\t\t\t\t\t\t\t\t\t\t\t\t<\/div>\n\t\t\t\t<\/div>\n\t\t\t\t\t<\/div>\n\t\t<\/div>\n\t\t\t\t<div class=\"elementor-column elementor-col-50 elementor-top-column elementor-element elementor-element-bc42c60\" data-id=\"bc42c60\" data-element_type=\"column\" data-e-type=\"column\">\n\t\t\t<div class=\"elementor-widget-wrap elementor-element-populated\">\n\t\t\t\t\t\t<div class=\"elementor-element elementor-element-0073403 elementor-widget elementor-widget-heading\" data-id=\"0073403\" data-element_type=\"widget\" data-e-type=\"widget\" data-widget_type=\"heading.default\">\n\t\t\t\t<div class=\"elementor-widget-container\">\n\t\t\t\t\t<h2 class=\"elementor-heading-title elementor-size-default\">QUI\u00c9NES SOMOS <\/h2>\t\t\t\t<\/div>\n\t\t\t\t<\/div>\n\t\t\t\t<div class=\"elementor-element elementor-element-af89e39 elementor-widget elementor-widget-text-editor\" data-id=\"af89e39\" data-element_type=\"widget\" data-e-type=\"widget\" data-widget_type=\"text-editor.default\">\n\t\t\t\t<div class=\"elementor-widget-container\">\n\t\t\t\t\t\t\t\t\t<p>Somos una instituci\u00f3n con m\u00e1s de 30 a\u00f1os de experiencia, que cuenta con el aval del Instituto Distrital para la Recreaci\u00f3n y el Deporte &#8211; I.D.R.D &#8211; para la orientaci\u00f3n y la ense\u00f1anza del F\u00fatbol Aficionado, al igual que estamos afiliados a la Liga de F\u00fatbol de Bogot\u00e1.<\/p><p>\u00a0<\/p><p>Gracias a la confianza que hemos logrado construir a lo largo de los a\u00f1os, nos hemos consolidado como una de las mejores alternativas para los padres de familia, acudientes y\/o alumnos de la capital, que ven en el aprendizaje y pr\u00e1ctica del f\u00fatbol una buena alternativa para utilizar su tiempo libre y tambi\u00e9n como posibilidad de adoptarlo como una carrera profesional.<\/p>\t\t\t\t\t\t\t\t<\/div>\n\t\t\t\t<\/div>\n\t\t\t\t\t<\/div>\n\t\t<\/div>\n\t\t\t\t\t<\/div>\n\t\t<\/section>\n\t\t\t\t<section class=\"elementor-section elementor-top-section elementor-element elementor-element-8f772c5 elementor-reverse-mobile elementor-section-boxed elementor-section-height-default elementor-section-height-default\" data-id=\"8f772c5\" data-element_type=\"section\" data-e-type=\"section\">\n\t\t\t\t\t\t<div class=\"elementor-container elementor-column-gap-wider\">\n\t\t\t\t\t<div class=\"elementor-column elementor-col-50 elementor-top-column elementor-element elementor-element-4a5bb82\" data-id=\"4a5bb82\" data-element_type=\"column\" data-e-type=\"column\">\n\t\t\t<div class=\"elementor-widget-wrap elementor-element-populated\">\n\t\t\t\t\t\t<div class=\"elementor-element elementor-element-0bf01ae elementor-widget elementor-widget-heading\" data-id=\"0bf01ae\" data-element_type=\"widget\" data-e-type=\"widget\" data-widget_type=\"heading.default\">\n\t\t\t\t<div class=\"elementor-widget-container\">\n\t\t\t\t\t<h2 class=\"elementor-heading-title elementor-size-default\">Nuestra Visi\u00f3n<\/h2>\t\t\t\t<\/div>\n\t\t\t\t<\/div>\n\t\t\t\t<div class=\"elementor-element elementor-element-f7cd50c elementor-widget elementor-widget-text-editor\" data-id=\"f7cd50c\" data-element_type=\"widget\" data-e-type=\"widget\" data-widget_type=\"text-editor.default\">\n\t\t\t\t<div class=\"elementor-widget-container\">\n\t\t\t\t\t\t\t\t\t<p>La Escuela de F\u00fatbol CHURTA M. S.A.S busca promocionar la pr\u00e1ctica del f\u00fatbol desde edades tempranas, con estrategias de participaci\u00f3n que les den vida a los sue\u00f1os de ni\u00f1os, ni\u00f1as y j\u00f3venes con este talento. As\u00ed mismo, se busca posicionar a la Escuela CHURTA M. S.A.S en los pr\u00f3ximos 5 a\u00f1os como la mejor escuela de Bogot\u00e1 con formaci\u00f3n integral de deportistas que tengan herramientas de \u00e9xito para tener una vida plena en cualquier campo que decidan desempe\u00f1arse.<\/p><p>\u00a0<\/p><p>Nuestro programa de f\u00fatbol, m\u00e1s que un proceso de desarrollo f\u00edsico, t\u00e9cnico y t\u00e1ctico, quiere generar el aprovechamiento del tiempo libre en los ni\u00f1os y ni\u00f1as, haciendo buen uso de los valores por medio de la orientaci\u00f3n, aprendizaje y pr\u00e1ctica deportiva con el fin de tener una mejor calidad de vida.<\/p><p>\u00a0<\/p><p>La Escuela est\u00e1 integrada dentro de un contexto espec\u00edfico a nivel institucional, social, poblacional, ambiental y geogr\u00e1fico entre otros, por lo que cuenta con un modelo pedag\u00f3gico, que articula y da coherencia al proceso de ense\u00f1anza-aprendizaje deportivo, tanto desde la perspectiva de su construcci\u00f3n, como de su implementaci\u00f3n y aplicaci\u00f3n, apoyados en los principios y m\u00e9todos pedag\u00f3gicos que le dan sustento, bajo los cuatro pilares b\u00e1sicos de la educaci\u00f3n: Aprender a ser, aprender a convivir, aprender a conocer y aprender a hacer.<\/p>\t\t\t\t\t\t\t\t<\/div>\n\t\t\t\t<\/div>\n\t\t\t\t\t<\/div>\n\t\t<\/div>\n\t\t\t\t<div class=\"elementor-column elementor-col-50 elementor-top-column elementor-element elementor-element-07e9df1\" data-id=\"07e9df1\" data-element_type=\"column\" data-e-type=\"column\">\n\t\t\t<div class=\"elementor-widget-wrap elementor-element-populated\">\n\t\t\t\t\t\t<div class=\"elementor-element elementor-element-27d78eb elementor-widget elementor-widget-heading\" data-id=\"27d78eb\" data-element_type=\"widget\" data-e-type=\"widget\" data-widget_type=\"heading.default\">\n\t\t\t\t<div class=\"elementor-widget-container\">\n\t\t\t\t\t<h2 class=\"elementor-heading-title elementor-size-default\">Nuestra Misi\u00f3n<\/h2>\t\t\t\t<\/div>\n\t\t\t\t<\/div>\n\t\t\t\t<div class=\"elementor-element elementor-element-f25fbba elementor-widget elementor-widget-text-editor\" data-id=\"f25fbba\" data-element_type=\"widget\" data-e-type=\"widget\" data-widget_type=\"text-editor.default\">\n\t\t\t\t<div class=\"elementor-widget-container\">\n\t\t\t\t\t\t\t\t\t<p>La Escuela de formaci\u00f3n deportiva CHURTA M. S.A.S, promueve a trav\u00e9s de la pr\u00e1ctica del f\u00fatbol la cultura deportiva de ni\u00f1os, ni\u00f1as y j\u00f3venes entre los 4 y los 18 a\u00f1os, con mecanismos de participaci\u00f3n colectiva entre el deportista y los dem\u00e1s actores del proceso pedag\u00f3gico, ligados a desarrollar habilidades diferentes a las acad\u00e9micas que en algunas ocasiones se convierten en proyecto de vida, estimulando con su car\u00e1cter motivacional el trabajo en equipo, la imaginaci\u00f3n y el esp\u00edritu competitivo fundamental en el desarrollo humano de esta poblaci\u00f3n.<\/p>\t\t\t\t\t\t\t\t<\/div>\n\t\t\t\t<\/div>\n\t\t\t\t<div class=\"elementor-element elementor-element-170c4c8 elementor-widget elementor-widget-image\" data-id=\"170c4c8\" data-element_type=\"widget\" data-e-type=\"widget\" data-widget_type=\"image.default\">\n\t\t\t\t<div class=\"elementor-widget-container\">\n\t\t\t\t\t\t\t\t\t\t\t\t\t\t\t<img decoding=\"async\" width=\"1024\" height=\"683\" src=\"https:\/\/churtafc.com.co\/wp-content\/uploads\/2023\/08\/IMG_1863-1024x683.jpg\" class=\"attachment-large size-large wp-image-1915\" alt=\"\" srcset=\"https:\/\/churtafc.com.co\/wp-content\/uploads\/2023\/08\/IMG_1863-1024x683.jpg 1024w, https:\/\/churtafc.com.co\/wp-content\/uploads\/2023\/08\/IMG_1863-300x200.jpg 300w, https:\/\/churtafc.com.co\/wp-content\/uploads\/2023\/08\/IMG_1863-768x512.jpg 768w, https:\/\/churtafc.com.co\/wp-content\/uploads\/2023\/08\/IMG_1863-1536x1024.jpg 1536w, https:\/\/churtafc.com.co\/wp-content\/uploads\/2023\/08\/IMG_1863-2048x1365.jpg 2048w\" sizes=\"(max-width: 1024px) 100vw, 1024px\" \/>\t\t\t\t\t\t\t\t\t\t\t\t\t\t\t<\/div>\n\t\t\t\t<\/div>\n\t\t\t\t\t<\/div>\n\t\t<\/div>\n\t\t\t\t\t<\/div>\n\t\t<\/section>\n\t\t\t\t<section class=\"elementor-section elementor-top-section elementor-element elementor-element-f3affe8 elementor-section-content-middle elementor-section-boxed elementor-section-height-default elementor-section-height-default\" data-id=\"f3affe8\" data-element_type=\"section\" data-e-type=\"section\" data-settings=\"{&quot;background_background&quot;:&quot;classic&quot;}\">\n\t\t\t\t\t\t\t<div class=\"elementor-background-overlay\"><\/div>\n\t\t\t\t\t\t\t<div class=\"elementor-container elementor-column-gap-default\">\n\t\t\t\t\t<div class=\"elementor-column elementor-col-100 elementor-top-column elementor-element elementor-element-e2ea681\" data-id=\"e2ea681\" data-element_type=\"column\" data-e-type=\"column\">\n\t\t\t<div class=\"elementor-widget-wrap elementor-element-populated\">\n\t\t\t\t\t\t<div class=\"elementor-element elementor-element-3b4f9d5 elementor-widget elementor-widget-heading\" data-id=\"3b4f9d5\" data-element_type=\"widget\" data-e-type=\"widget\" data-widget_type=\"heading.default\">\n\t\t\t\t<div class=\"elementor-widget-container\">\n\t\t\t\t\t<h2 class=\"elementor-heading-title elementor-size-default\">Llamanos y conoce mas detalles<\/h2>\t\t\t\t<\/div>\n\t\t\t\t<\/div>\n\t\t\t\t<div class=\"elementor-element elementor-element-74e4f5e elementor-align-center elementor-widget elementor-widget-button\" data-id=\"74e4f5e\" data-element_type=\"widget\" data-e-type=\"widget\" data-widget_type=\"button.default\">\n\t\t\t\t<div class=\"elementor-widget-container\">\n\t\t\t\t\t\t\t\t\t<div class=\"elementor-button-wrapper\">\n\t\t\t\t\t<a class=\"elementor-button elementor-button-link elementor-size-sm\" href=\"tel:%203012416813\">\n\t\t\t\t\t\t<span class=\"elementor-button-content-wrapper\">\n\t\t\t\t\t\t\t\t\t<span class=\"elementor-button-text\">Llamanos<\/span>\n\t\t\t\t\t<\/span>\n\t\t\t\t\t<\/a>\n\t\t\t\t<\/div>\n\t\t\t\t\t\t\t\t<\/div>\n\t\t\t\t<\/div>\n\t\t\t\t\t<\/div>\n\t\t<\/div>\n\t\t\t\t\t<\/div>\n\t\t<\/section>\n\t\t\t\t<\/div>\n\t\t","protected":false},"excerpt":{"rendered":"<p>Nosotros QUI\u00c9NES SOMOS Somos una instituci\u00f3n con m\u00e1s de 30 a\u00f1os de experiencia, que cuenta con el aval del Instituto Distrital para la Recreaci\u00f3n y el Deporte &#8211; I.D.R.D &#8211; para la orientaci\u00f3n y la ense\u00f1anza del F\u00fatbol Aficionado, al igual que estamos afiliados a la Liga de F\u00fatbol de Bogot\u00e1. \u00a0 Gracias a la &hellip;<\/p>\n<p class=\"read-more\"> <a class=\"\" href=\"https:\/\/churtafc.com.co\/index.php\/nosotros\/\"> <span class=\"screen-reader-text\">Nosotros<\/span> Read More &raquo;<\/a><\/p>\n","protected":false},"author":1,"featured_media":0,"parent":0,"menu_order":0,"comment_status":"closed","ping_status":"closed","template":"","meta":{"site-sidebar-layout":"no-sidebar","site-content-layout":"page-builder","ast-global-header-display":"","ast-banner-title-visibility":"","ast-main-header-display":"","ast-hfb-above-header-display":"","ast-hfb-below-header-display":"","ast-hfb-mobile-header-display":"","site-post-title":"disabled","ast-breadcrumbs-content":"","ast-featured-img":"disabled","footer-sml-layout":"","theme-transparent-header-meta":"enabled","adv-header-id-meta":"","stick-header-meta":"","header-above-stick-meta":"","header-main-stick-meta":"","header-below-stick-meta":"","_joinchat":[],"footnotes":""},"class_list":["post-14","page","type-page","status-publish","hentry"],"_links":{"self":[{"href":"https:\/\/churtafc.com.co\/index.php\/wp-json\/wp\/v2\/pages\/14"}],"collection":[{"href":"https:\/\/churtafc.com.co\/index.php\/wp-json\/wp\/v2\/pages"}],"about":[{"href":"https:\/\/churtafc.com.co\/index.php\/wp-json\/wp\/v2\/types\/page"}],"author":[{"embeddable":true,"href":"https:\/\/churtafc.com.co\/index.php\/wp-json\/wp\/v2\/users\/1"}],"replies":[{"embeddable":true,"href":"https:\/\/churtafc.com.co\/index.php\/wp-json\/wp\/v2\/comments?post=14"}],"version-history":[{"count":17,"href":"https:\/\/churtafc.com.co\/index.php\/wp-json\/wp\/v2\/pages\/14\/revisions"}],"predecessor-version":[{"id":1930,"href":"https:\/\/churtafc.com.co\/index.php\/wp-json\/wp\/v2\/pages\/14\/revisions\/1930"}],"wp:attachment":[{"href":"https:\/\/churtafc.com.co\/index.php\/wp-json\/wp\/v2\/media?parent=14"}],"curies":[{"name":"wp","href":"https:\/\/api.w.org\/{rel}","templated":true}]}}